4*i - 4*x, -5*i = 5*x - 38505. Calculate the greatest common divisor of i and 55.
55
Suppose 3*k = 192 + 1116 + 174. Calculate the greatest common divisor of k and 364.
26
Let w = 7506 - 7476. Calculate the greatest common factor of 1770 and w.
30
Let r(f) = 8*f + 72. Let l = 309 + -317. Let k be r(l). Let q = 6 - -6. Calculate the highest common factor of q and k.
4
Let v(y) be the third derivative of -y**4/12 - 17*y**3/3 + 156*y**2. Let m be v(-22). Let c = 6 - 2. Calculate the highest common factor of m and c.
2
Let o = -7362 + 7478. Calculate the greatest common factor of 29 and o.
29
Let a(s) = -s**2 + 34*s + 280. Let r be a(0). What is the greatest common factor of 196 and r?
28
Suppose -67*c - 18421 = -70*c + 18221. What is the greatest common factor of 591 and c?
197
Let k be 4 + (-2 - -2) + -1. Suppose 2*q = -0*q - 2*s + 22, -2*q + 5*s - 13 = 0. Suppose -44 - 82 = -q*y. What is the greatest common factor of k and y?
3
Let f = 1022 + -954. Let j = 3 - -14. Suppose -3*k = -2*k - j. Calculate the highest common factor of f and k.
17
Suppose 0*u = -3*d + 4*u - 4, -d = 3*u + 10. Let n be (-1323)/(-42) - 2/d. Suppose 6*l = -n + 140. Calculate the greatest common divisor of 90 and l.
18
Suppose -26*a + 8*a = 36. Let s be (-1626)/(-36) + a/12. Calculate the highest common divisor of 30 and s.
15
Let t(s) = -131*s**3 - 2*s**2 - 6*s - 18. Let j be t(-3). What is the greatest common divisor of j and 276?
69
Suppose -11*y - 2217 + 2314 = -12828. Calculate the greatest common divisor of y and 50.
25
Let k be (9/(-5))/(1263/(-557825)). What is the highest common divisor of k and 45?
15
Let l be (2/(-4))/((-1)/128). Suppose 5*i - i = l. Suppose -50 = -41*q + 606. What is the greatest common divisor of i and q?
16
Let r be (((-165)/10)/11)/(18/(-57912)). What is the highest common factor of 38 and r?
38
Let p be 2/(-2) + (2 - -3). Let q be ((-504)/10)/(-14)*30. What is the highest common divisor of q and p?
4
Let d = -1 - -235. Let m = -34717 + 34771. Calculate the greatest common factor of m and d.
18
Let f = -701 - -499. Let d = f - -226. Let i = -28 - -52. What is the highest common factor of d and i?
24
Let s(r) = r**3 - 15*r**2 + 41*r - 602. Let i be s(15). Calculate the highest common factor of i and 14638.
13
Let r = -3 + 0. Let p(w) = 0*w - w + 5*w**2 - 48*w**2 + 46*w**2 + w**3. Let b be p(r). What is the highest common factor of 6 and b?
3
Suppose 0 = 14*w - 5*w - 2313. Let u = -114 + w. Calculate the highest common factor of 13 and u.
13
Let x(u) = -2*u**3 - 16*u**2 - 9*u - 6. Let c be x(-6). Let y = c - 25. Let b = y + 247. What is the highest common factor of b and 14?
14
Suppose -40*j + 42*j + 2 = 0. Let k(n) be the first derivative of -24*n**2 - 3*n + 3. Let c be k(j). What is the highest common divisor of 3 and c?
3
Suppose -2*c - 5*t + 658 = -6*t, 0 = -3*c - 5*t + 1000. Suppose -19*l = -8*l - c. What is the greatest common factor of 270 and l?
30
Suppose 0*f - 3*f = -57. Let i = -650 - -1030. Suppose -i = 36*s - 46*s. Calculate the highest common factor of s and f.
19
Let f(t) = -t**3 - 5*t**2 - 4*t - 49. Let c be f(-8). Let y be 28*1*((-22)/8 + 3). What is the highest common factor of c and y?
7
Let b(h) = h**3 + 5*h**2 - 12*h + 3. Let q be b(-6). Let a = q + -38. Let c be (-2306)/(-10) + a - 2/(-5). What is the greatest common factor of 29 and c?
29
Let k(w) = 10*w**2 + 350*w + 6. Let n be k(-35). Let t be -1*(-4 - -1 - -247). Let l be t/(-10) - 2/5. What is the highest common factor of l and n?
6
Let c = 9817 - 5694. What is the highest common divisor of c and 19?
19
Let n = -129 + 132. Suppose -4*b + 200 = n*r + 29, 3*r + 99 = 2*b. What is the highest common factor of b and 81?
9
Let c be -1*(89*-1 + -2). Suppose 115*f + 72947 = 887*f - 7341. What is the greatest common divisor of c and f?
13
Suppose -2*t = -4*u + 30556, 3*u - 22914 = 342*t - 339*t. Calculate the greatest common divisor of 80 and u.
40
Let j(q) be the first derivative of 7*q**2/2 - 11*q - 1. Suppose 56*m = -33 + 201. Let c be j(m). Calculate the highest common divisor of c and 90.
10
Suppose -248*o = -1564167 - 1114977. What is the greatest common divisor of o and 39?
39
Suppose 0 = 5*h + s - 18124, -2*h + 81 + 7174 = -5*s. Calculate the greatest common factor of h and 375.
125
Let g(v) = -v**2 - 25*v + 16. Let s(n) = 2*n**2 + 76*n - 48. Let k(c) = 8*g(c) + 3*s(c). Let w be k(12). What is the highest common divisor of w and 1?
1
Let r(p) = -p**3 - 26*p**2 + 148*p - 169. Let k be r(-31). What is the highest common divisor of k and 2864?
16
Let x = -13 + 11. Let b be 6/12*(-12)/(2/x). Suppose -4*z - 2 = -b. What is the highest common factor of 3 and z?
1
Let o(r) = 3*r - 44. Let g be o(18). Let t(j) = j**3 - 8*j**2 - 6*j - 16. Let q be t(g). Calculate the greatest common factor of q and 31.
31
Suppose -160448*c = -160427*c - 1764. Let s(o) = -69*o + 2. Let j be s(-2). Calculate the greatest common factor of c and j.
28
Suppose -o = 45*o - 30866. Let u(y) = -60*y + 1. Let g be u(-1). What is the greatest common divisor of g and o?
61
Let i(b) = 3*b - 55. Let k be i(22). Suppose 5*o = 4*g - 69, -5*g + 18*o = 23*o - 30. What is the greatest common divisor of k and g?
11
Let m = -622 + 883. Suppose 480 - 103 = 13*o. What is the highest common divisor of o and m?
29
Let k(x) be the third derivative of x**5/10 - x**4/6 - 3*x**3 - 14*x**2. Let q be k(6). Calculate the greatest common factor of q and 6.
6
Suppose 0 = -5*d + 2*j + 7 + 13, 5*d + j = 20. Suppose -o - 2*r + 20 = 0, d*r - 95 = -5*o - 1. What is the greatest common factor of o and 63?
9
Let i(t) = t**2 + 5*t - 10. Let f be i(5). Let r be (f/12*3)/(2 + 0). Let d be 126/36*5*2. What is the highest common factor of d and r?
5
Let m be 3*3/9 - -19. Suppose -827*l - 92 = -850*l. Calculate the greatest common factor of l and m.
4
Let s be (-749)/(-5) + (-4)/(-20). Let t = -18 + s. Suppose -4*k + k = -t. What is the greatest common factor of k and 4?
4
Suppose 0 = -4*n + 4*h + 108, n - 24 = -h + 5. Suppose 36*o = 29*o + n. What is the highest common divisor of o and 100?
4
Let z(v) = -v**2 + 7*v - 9. Let q be (-43)/(-9) - (-9)/(324/8). Let d be z(q). Calculate the highest common divisor of d and 16.
1
Let v = 2398 - 2134. Calculate the highest common divisor of v and 392.
8
Let l(x) = -x**3 - 2*x**2 + 6*x + 7. Let c be l(-1). Suppose 5*p - 5*q - 515 = c, 4*p + 10*q - 6*q - 436 = 0. Calculate the highest common factor of p and 477.
53
Let c(a) = a. Let g(k) = 18*k - 4. Let t(n) = 20*c(n) - 2*g(n). Let i be t(6). Let o = -74 - i. What is the greatest common factor of 84 and o?
14
Suppose 2*a = 18 - 12. Suppose a*y = 84 + 144. Calculate the highest common divisor of 12 and y.
4
Let j = -7000 + 7036. Calculate the greatest common factor of 2574 and j.
18
Suppose -5*a - 5*u + 752 = -63, 0 = 5*a - 2*u - 822. Let y = 93 + -85. What is the highest common factor of a and y?
4
Suppose -5*c + 87 = 3*h, -5*c = h - 2*h + 9. Let m be 15 - -1 - (4 + 2). What is the greatest common divisor of m and h?
2
Let w(f) = 6*f - 112. Let b be w(63). Calculate the greatest common divisor of 21 and b.
7
Suppose 0 = 47*g - 1520 - 6564. Let o be (4/16)/((-1)/(-172)). What is the highest common factor of g and o?
43
Let b be 20 + -7 + -5 + 7. Let l(m) = 17*m + 3. Let u be l(-3). Let j = -28 - u. What is the greatest common factor of j and b?
5
Suppose -2*h = -0*b - 2*b + 18, 13 = b + 3*h. Let r(g) = 7*g - 20. Let l be r(7). Let d = -24 + l. Calculate the highest common divisor of b and d.
5
Let p(h) = -7*h**2 + 2*h + 3. Let z be p(-3). Let a = z - -112. Let q = -169 + 238. What is the highest common factor of q and a?
23
Suppose 2*w = -68 + 74. Suppose 0 = -4*m + 56 - 48, w*p - 5*m + 1 = 0. Let r be 196/35 + (-4)/(-10). What is the highest common factor of r and p?
3
Let s be 4*28/(-16)*1. Let j = 44 - s. Suppose -2*g + 79 + j = 0. Calculate the greatest common factor of 26 and g.
13
Let w(i) = -6*i + 1. Let m be w(3). Let x be ((m + -1)/3)/(-2). Suppose 163*j - 157*j = 198. What is the highest common divisor of x and j?
3
Suppose 24*v - 75 = -v. Calculate the highest common divisor of 1227 and v.
3
Suppose 5*s = -g + 139, -3*g - 2*g + 5*s + 725 = 0. Suppose -g = -5*l - 3*n, -3*n - 4 = -3*l + 68. What is the highest common divisor of l and 18?
